. Suppose 23 = y*w - 25. What is the tens digit of w?
2
Let y = -9 + 15. Let x be (4 - -1)*y/15. What is the units digit of (5/x)/(1/2)?
5
Let u(t) = -t + 3. Let w be u(3). Suppose w*o - 5*o = -5*l - 10, 0 = 2*l - 4*o. What is the units digit of 244/16 - (-1)/l?
5
Let p = -117 + 216. Suppose 3*x - 10*x + 14 = 0. What is the tens digit of (4/6)/(x/p)?
3
Let f be (60/(1 + 1))/2. Let c be ((-3)/(-2))/(f/50). Suppose -2*x - c*m = -43, -x - 11 = m - 5*m. What is the units digit of x?
9
Suppose 0*j = 2*j + 2224. What is the tens digit of 4/10 + j/(-20)?
5
Let s = -744 - -1194. What is the hundreds digit of s?
4
Let h = 77 - 45. Suppose -4*x = 4*q - h, -5*x + 17 = 3*q - 13. Let l(y) = 3*y**2 - 5*y + 3. What is the units digit of l(x)?
5
Let t(x) = -x**2 + 9*x + 5. Let n = -49 + 77. Let a = -19 + n. What is the units digit of t(a)?
5
Let m be (-160)/7 + 2/(-14). Let y be (m - 1)/((-10)/50). Suppose -7*z + 139 = -y. What is the units digit of z?
7
Let w = -15 + 28. Suppose w*v + 7 = 12*v. What is the units digit of (12 - -1) + (v - -6)?
2
What is the hundreds digit of ((-926)/(-4))/((-29)/(-58))?
4
What is the units digit of (-4)/(-10) + -9*17648/(-120)?
4
Let y(x) = x**2 - 20*x + 40. Let o be y(18). Suppose -o*k + 1 = -3*p - 0, -5*k = 4*p - 9. What is the units digit of p?
1
Let s(y) = 9*y - 9. Let c be s(13). Let j = 4 + 1. Suppose w = j*w - c. What is the units digit of w?
7
Let q(x) = 671*x**2 - x - 17. What is the tens digit of q(2)?
6
Let c(d) = -d**3 - d**2 + 2*d + 5. Let i = -8 - -4. What is the units digit of c(i)?
5
Let p = -42 - -48. Suppose 199 = p*q - 35. What is the units digit of q?
9
Let f = -344 - -637. Suppose 40 + f = 3*m. Suppose -2*x + x = 2*g - 43, -5*g + m = -x. What is the tens digit of g?
2
Let l(t) = -2*t + 2. Let z(b) = 2*b - 6. Let p be z(7). Let i = p + -14. What is the tens digit of l(i)?
1
Let f(p) = 4*p - 8. Let m(u) = -8*u + 1. Let z be m(1). Let y be 4/2 - (0 + z). What is the units digit of f(y)?
8
Suppose -4*o + 5*c = -2*o - 964, -c + 2356 = 5*o. What is the tens digit of o?
7
Let r be (36/24)/((-1)/(-2)). What is the units digit of (-121 + -2 + -3)*r/(-6)?
3
Let i = 56 - 38. Suppose 6 = -3*g + i. What is the tens digit of -10*(1 + (-10)/g)?
1
Suppose 21*m - 36*m = -120. What is the units digit of m?
8
Suppose -5 = 3*z + 1. Let m = 7 - z. Suppose 0 = m*p - 8*p - 6. What is the units digit of p?
6
Let r(k) be the second derivative of k**4/12 - k**3/2 + 7*k**2/2 + 11*k. What is the tens digit of r(7)?
3
Let n be (-9)/(-18)*(1 + (-6)/(-2)). Suppose -377 = -n*a + 65. What is the hundreds digit of a?
2
Suppose 3*p - 6 = -w, -18 = 5*p - 5*w - 8. Suppose 0 = d + p - 20. What is the tens digit of d?
1
Let v(n) = 4*n**2 + n + 1. Let w be v(-1). What is the units digit of w*(-27)/10*-5?
4
Let l = 26 + -38. Let c be 1782/l + (-3)/2. Let d = c - -212. What is the units digit of d?
2
Let w(t) = -t**3 + 5*t**2 - 2*t - 3. Let j be w(4). Suppose j*a = 4*b + 9*a - 380, -5*b - 3*a = -477. What is the tens digit of b?
9
Suppose 5*c - 1852 = 3598. What is the tens digit of c?
9
Let d(u) = -8 + 7*u**2 - 3*u**3 - u + 2*u**3 + 2*u**3. Let s be d(-7). What is the units digit of 18/(-15)*(-24 + s)?
0
Suppose -51*z + 36*z = -26835. What is the tens digit of z?
8
Suppose -4*f = -3*w - 44, -5*w = -f + 4*f - 33. Suppose 0 = -n - f + 56. What is the tens digit of n?
4
Let x be (-186)/(-45) + (-10)/75. Suppose -i - 3 = -x*q, 0 = q + 3*i + 2*i - 27. Suppose t + 15 = q*t. What is the tens digit of t?
1
What is the hundreds digit of (615/(-164))/((-2)/200)?
3
Suppose -3*h = m - 2947, 4*h + 1704 + 12936 = 5*m. What is the tens digit of m?
3
Suppose 8*n + 12 + 4 = 0. Let t be 3/(-6)*-134*-1. What is the units digit of t/n + (-5)/(-10)?
4
Let b = 26 - -4. Let o = b - -39. What is the units digit of o?
9
Let d be ((-140)/12 - 2)/((-1)/18). Let u = 410 - d. What is the hundreds digit of u?
1
Suppose 982 - 17482 = -20*o. What is the tens digit of o?
2
Let k = 13 + -9. Suppose -k*s - 4 = -2*s. What is the tens digit of (s - -1)/(2/(-50))?
2
Let u(n) = 2*n**2 + n - 8. What is the units digit of u(-14)?
0
Let c(r) = 5*r + 11. Let u(a) = 14*a + 33. Let p(b) = -11*c(b) + 4*u(b). Let g be p(-5). Suppose -d + g = -7. What is the tens digit of d?
1
Let j = 114 - 110. Let y(w) = 6*w**3 - 10*w**2 + 4*w + 3. What is the hundreds digit of y(j)?
2
Let i = 30 + -36. Let m be 2/i*1*12. What is the units digit of (30/(-8) + -2)*m?
3
Let y = -92 + 388. Suppose y = -120*a + 122*a. What is the units digit of a?
8
Let l(k) = -2*k**3 - 14*k**2 - 12*k + 11. What is the hundreds digit of l(-10)?
7
Let y(p) be the first derivative of 2*p**3/3 - p**2 + 8*p - 55. Let g = 8 - 12. What is the units digit of y(g)?
8
Let p be (-3 + -1 - -128) + -4. Suppose p = 3*t - 81. What is the tens digit of t?
6
Suppose 5*h - 2*i - 150 = 0, -7*h + 3*h + 2*i + 120 = 0. Let o = 12 - h. Let c = o - -19. What is the units digit of c?
1
Let j(f) = 5 + 6 + 4 - 1 + 3*f. Let c = 13 + -7. What is the tens digit of j(c)?
3
What is the tens digit of -12*-2*(-55)/(-140)*126?
8
What is the hundreds digit of 12006/8 + (-45)/60?
5
Suppose 4*t = l + 642 + 731, -5*l = -15. What is the units digit of t?
4
Let w = -1 + 4. Suppose w*n - 4*n + 5 = 0. Suppose 5*g + 3*t = 24 + 74, 0 = 5*t - n. What is the tens digit of g?
1
Let y = 13 - 13. Suppose -3*o + 248 + 292 = y. What is the hundreds digit of o?
1
Let d(l) be the third derivative of -17*l**4/24 - 7*l**3/2 - 14*l**2. What is the units digit of d(-13)?
0
Let y = -32 + 18. Let l be (-16)/(-56) - (-312)/y. What is the tens digit of (-312)/l + (-14)/77?
1
Let j(l) = l**2 + 6*l + 14. Let z = -6 + 10. Suppose -3*f = 4*n - 8*f + 47, -z*f + 44 = -4*n. What is the tens digit of j(n)?
3
Suppose 14 = m - 0*m. Suppose -m*z - 860 = -19*z. Suppose x + 3*x = z. What is the tens digit of x?
4
Let z = 12 - 14. What is the units digit of (-13 - -12)/(z/32)?
6
Let i(s) be the second derivative of s**4 + s**3/6 - 9*s**2/2 + 17*s. What is the units digit of i(-4)?
9
Let y(u) = u + 11. Let i be y(0). Let t = -7 + i. Suppose 38 = t*c - 14. What is the tens digit of c?
1
Let j(q) = q**2 + 5*q + 4. Let u be j(-5). Suppose 0 = -2*m + 14 - u. Suppose -m*d - 24 = -149. What is the units digit of d?
5
Let v be (3 - (-6 + 3))/2. Suppose -9*n + 138 = -v*n. What is the units digit of n?
3
Let d(i) = -i**2 + 15*i. Let p = 151 - 141. What is the tens digit of d(p)?
5
Let s(g) = -804*g - 194. What is the tens digit of s(-4)?
2
Let f(b) = -b**3 - 6*b**2 + 7*b - 10. Let q be f(-7). Let z be (-5)/q + (-6)/(-4). Suppose -6*x + z*x = 3*n - 5, -3*x = 4*n - 2. What is the units digit of x?
2
Let g(b) be the second derivative of -b**5/20 - 2*b**4/3 - 7*b**3/6 - b**2 + 6*b. What is the tens digit of g(-8)?
5
Let y = 665 - 429. What is the units digit of y?
6
Suppose -1169*o + 1165*o + 4588 = 0. What is the units digit of o?
7
Let z = -68 + 73. Suppose f - 118 = 5*h - 878, -z*f + 25 = 0. What is the hundreds digit of h?
1
Let l = 1663 - 890. What is the tens digit of l?
7
Suppose 55*u + 167180 = 81*u. What is the tens digit of u?
3
Let k = 65 - 33. What is the tens digit of 19 + -23 + k/2?
1
Suppose 3*v - 15*v = -3648. Let s = 432 - v. What is the units digit of s?
8
Let c = -260 - -265. Let a(v) = -2*v**2 + 10*v + 14. Let q(p) = -p**2 + 5*p + 7. Let o(r) = -3*a(r) + 7*q(r). What is the units digit of o(c)?
7
Suppose 6*u - 11*u = 2*o - 1225, 4*u + 3*o - 980 = 0. What is the hundreds digit of u?
2
Suppose -394 - 461 = -3*t - 3*q, 2*t + 3*q = 570. What is the hundreds digit of t?
2
Let c(w) = -50*w + 16. Let a be c(-6). Suppose 4*b - 20 = -b, 5*b = 4*r + a. Let g = r - -128. What is the units digit of g?
4
Let i(w) = -3*w + 0*w + 5*w**3 + 2*w - 3. Suppose -46 = -l - 44. What is the units digit of i(l)?
5
Let k = 41 + -39. Suppose -k*x + 17 + 145 = 0. What is the units digit of x?
1
What is the tens digit of (-1)/(-7) + (-7110)/(-63) + -9?
0
Let p be 2*-10*5/4. Let f = p + 31. What is the units digit of 2/f - (-624)/18?
5
Let r(m) = 2*m**2 - 6*m - 17. What is the tens digit of r(-7)?
2
Suppose 0 = 3*k + 2*k - 15. Suppose g = 1 + k. Let l = g + 18. What is the tens digit of l?
2
Suppose -293 = -3*a + 1342. Suppose -129 = -o + 2*g + 142, -2*o + 3*g = -a. What is the units digit of o?
7
Let z(q) = 2*q + 2. Le